me factors of j?
2, 5
What are the prime factors of 1618/10 + 10/50?
2, 3
Suppose 60 = 4*b - 64. List the prime factors of b.
31
Let g = 23 - 7. Let v be (140/g)/((-1)/(-4)). Suppose 0 = -3*s - 2*s + v. What are the prime factors of s?
7
Suppose 5*l = -7 - 8. Suppose -3*q = q - 8. List the prime factors of (q - 22/6)*l.
5
Suppose 0 = 2*z - 3*m + 33 - 133, -m = 3*z - 150. What are the prime factors of z?
2, 5
What are the prime factors of 3/(-7) - (-345)/21?
2
Suppose 2*d - 12 = -0*b - 2*b, -5*d + 2*b = -30. Suppose 4 = -4*h + d*h. Suppose -h*r = -10 - 10. List the prime factors of r.
2, 5
Let r = -23 - -35. What are the prime factors of r?
2, 3
Suppose -2*d = -5*g + 85, 0 = -2*d - g - g - 106. Let f = d + 79. Suppose 2*c - 4*w = w - 17, -f = -c - 5*w. List the prime factors of c.
2
Suppose 0 = -3*z + 4*z - 4*g - 188, -20 = 5*g. What are the prime factors of z?
2, 43
Suppose 0 = -3*j - j + 48. Suppose -3*l - 3 = 3*q, 2*l = -2*l - j. Suppose 0 = -v + 4*h - q*h + 4, 4*v - 16 = 5*h. What are the prime factors of v?
2
Let y = -5 - -5. Suppose 0 = -y*d - 3*d. Suppose d = -3*w + 6*w - 6. What are the prime factors of w?
2
Suppose -3*m - 5*b + 37 = -6*m, 4*b = 5*m + 40. Let o(d) = -11*d - 4. What are the prime factors of o(m)?
2, 5
Let b = -6 - -8. Let r be 1 - 2/(b/(-1)). Suppose a + 1 = 2*v - 0, 0 = r*a + 3*v - 26. List the prime factors of a.
7
Let n = 6 + -26. What are the prime factors of 16/10 + (-8)/n?
2
Let b = -2 + 7. Suppose -y = -0*y - b. What are the prime factors of y/(5 + -2 + -2)?
5
Let p = 0 + 6. Suppose -54 = -5*m - 2*c, p*m + c - 42 = 2*m. List the prime factors of m.
2, 5
Let i(d) = 24*d**2 - 10*d - 1. What are the prime factors of i(3)?
5, 37
Let o(f) = -2*f**3 + 2*f**2 + 3*f + 3. What are the prime factors of o(-2)?
3, 7
Let k = -5 - -9. Suppose 159 - k = 5*o. Suppose -4*s + o = -17. What are the prime factors of s?
2, 3
Let g(y) = -y**2 + 7*y + 3. Let h be g(7). Let d(p) = p + 0*p + 5 - h. What are the prime factors of d(3)?
5
Let z be (2/4)/(1/2). Suppose r + 2*u + u = 13, 2*r - 3*u = -z. What are the prime factors of r?
2
Suppose 2*x = -3*w + 159, -36 = -w + 2*x + 3*x. List the prime factors of w.
3, 17
Suppose -3*d = -0*d - 6. Let x = 13 - 7. Suppose 3*r - h - 27 = 0, x*h - d*h = 5*r - 52. List the prime factors of r.
2
Suppose 0 = -5*a - c - 6, -2*a + 3*c = 5*c + 4. What are the prime factors of a/3 - (-64)/3?
3, 7
Let q be 2 - (-6 + 3 + 1). Suppose -q*a = -a - 51. What are the prime factors of a?
17
Suppose -k = -11 - 1. Suppose 9 = d + k. Let i = 4 - d. List the prime factors of i.
7
Let p(j) = j**2 - 6*j + 7. Suppose -2*l + 20 = 4*o, -o + 0*o + 3*l + 5 = 0. Let h be p(o). What are the prime factors of (-1)/((-5)/2 + h)?
2
Suppose -2*c - o = 2*o + 23, 4*c + 21 = -o. Let a be 0*(-2)/(-2 - c). Suppose -h - 2*h + 6 = a. List the prime factors of h.
2
Suppose 4*d + w = -76, 2*d + 3*w = -0*w - 28. Let i = d - -31. Let k = i - 0. What are the prime factors of k?
11
Let c be ((-26)/2 - 1) + -1. Let q = -11 - -7. Let l = q - c. List the prime factors of l.
11
Let p(f) = -f**2 + 8*f - 5. Suppose 0 = -2*z - 4*i + 6, 3*z + 2*z + 5*i = 20. List the prime factors of p(z).
2, 5
Let u(l) = l + 11. Let i be u(-8). Suppose a + 4*a = i*h - 2, -a + 3*h - 10 = 0. Suppose 5*r - 7 - 24 = 3*j, 25 = a*r + 3*j. List the prime factors of r.
2
Let y(g) = 15*g**2 + 6*g + 2. List the prime factors of y(-2).
2, 5
Let z = 23 + -17. List the prime factors of z.
2, 3
Let m be (-17)/(-2) - (-7)/(-14). Let t(x) = -3*x + 7. Let u be t(5). List the prime factors of 2/m + (-22)/u.
3
Suppose -5*c + 27 + 3 = 0. Suppose -d + o - c = 0, 0*d + 5*d + 33 = 2*o. List the prime factors of 2/d - 195/(-21).
3
Suppose -2*v + 21 = 5*x, -5*v - 11 = -3*x + 14. Suppose -x*w + 0*w = -30. What are the prime factors of (w/4)/(4/48)?
2, 3
Suppose 4*s - 6*a = -a - 20, -s - a - 14 = 0. Let d = s + 20. List the prime factors of d.
2, 5
Let n(z) = z**3 + 9*z**2 + z + 7. Let b be n(-9). List the prime factors of (1/(b/(-6)))/1.
3
What are the prime factors of 230/6 - (-5)/(-15)?
2, 19
Let y = -13 - -22. Suppose c = 6 - y. What are the prime factors of (-1)/((-10)/3 - c)?
3
Let m be 3/5 + (-18)/30. Suppose q - 5*g = 28, 5*q + 3*g - 56 = -m*g. What are the prime factors of q?
13
Suppose 0 = -4*x + 48 + 8. List the prime factors of x.
2, 7
Suppose -2*v = 4*z + 46, 0 = 5*z + v - 3*v + 44. List the prime factors of (-74)/z - 6/15.
7
Let j(b) = 9*b - 2. Suppose -i = v, -v + 4*v + 24 = 5*i. What are the prime factors of j(i)?
5
List the prime factors of (3 + 7 + -1)*12.
2, 3
Suppose -b + 327 = 3*w, 205 = 2*w - 0*w + 5*b. List the prime factors of w.
2, 5, 11
Suppose -2230 = -12*f - 310. What are the prime factors of f?
2, 5
Let j = -44 - -209. What are the prime factors of j?
3, 5, 11
Suppose 3*k = -k + 16. Let r be 22 - (-1)/((-2)/k). Suppose 4*d - 12 = r. List the prime factors of d.
2
Let w(d) = -1 + 4 + 5 - d**2 + d. List the prime factors of w(0).
2
Suppose 0 = -8*q + 5*q + 255. What are the prime factors of q?
5, 17
Let y = -9 - -13. Let a(j) = 2*j**2 + 3. Let t be a(y). Suppose -5*g + 0 = -t. List the prime factors of g.
7
List the prime factors of -4 + 5 + 1 + 2.
2
Suppose 27*j - 22*j - 1145 = 0. List the prime factors of j.
229
Let v be (24/(-18))/(4/(-6)). Suppose 5*h - 15 = -4*a + 16, 8 = v*a. What are the prime factors of h/(-2)*16/(-6)?
2
Let o = -15 + 12. Suppose 5*h - 5*a - 26 = 4*h, 0 = 3*h + 5*a + 2. List the prime factors of o + h - 4 - -10.
3
Let k(m) = -m**3 + 7*m**2 - 8*m + 9. Let l be k(6). Let y = l + 3. Let s = y - -3. What are the prime factors of s?
3
Suppose o = 3*o - 4. Let b be (64/5)/((-1)/(-5)). List the prime factors of (7/14)/(o/b).
2
Suppose -75 = -4*y + 5. What are the prime factors of y?
2, 5
Suppose 11*o - 15 = 8*o. List the prime factors of o.
5
Suppose -5*c = 187 - 687. List the prime factors of c.
2, 5
Suppose -h = -3*h + 2. Let w = h + 0. List the prime factors of w*-2*(-4)/2.
2
Suppose -5*a = -0*a - 565. What are the prime factors of a?
113
Suppose 3*t - 54 = 78. List the prime factors of t.
2, 11
Let b be 16/6*(-9)/(-6). Suppose -b*l + 5 = -139. What are the prime factors of l?
2, 3
Let m(h) = -2*h - 1 - 2 - 4. List the prime factors of m(-6).
5
Let q be -6*3*(-12)/27. Suppose -4*t = -0*t - q, v + 3*t - 38 = 0. List the prime factors of v.
2
Let p be (-6)/27 - 100/36. What are the prime factors of (-1)/(p + (-44)/(-15))?
3, 5
Suppose 2*y + 2*y = 0. Suppose 13 = f - y*f. What are the prime factors of f?
13
Let m(g) = -2*g**3 - 2*g**2 - 4*g - 2. Let l be m(-3). Suppose 5*v = w - 47, 4*v - 4*w = w - l. What are the prime factors of (2 - v/(-6))*18?
3
Suppose 0 + 12 = 2*w. List the prime factors of w.
2, 3
Let t(a) be the third derivative of a**6/12 - a**3/6 - 2*a**2. List the prime factors of t(1).
3
Let v = 45 + -123. Let c = v - -110. What are the prime factors of c?
2
Suppose 5*o - 533 - 192 = 0. What are the prime factors of o?
5, 29
Let l(h) = 2*h + 22. What are the prime factors of l(-10)?
2
Let w = 75 + 129. List the prime factors of w/42 + (-1)/(-7).
5
Let d(t) = -2*t + 2. Let f be d(-2). Let y = f + -6. Suppose y = -3*p + 2*p + 12. List the prime factors of p.
2, 3
Let p(k) = 48*k**2. Suppose -h - 9 = -0*o + 5*o, 0 = -3*o + h + 1. What are the prime factors of p(o)?
2, 3
Suppose o + 3*o + 49 = t, -2*o - 173 = -5*t. Let j(z) = z - 2. Let n be j(4). Suppose n*g - t = -g. List the prime factors of g.
11
Suppose 0*d + f = 3*d + 2, 2*d = -3*f + 6. Suppose l + 0*l - 8 = d. Let o(n) = n - 1. What are the prime factors of o(l)?
7
Suppose 2*x = -2*g + 5*g - 12, 0 = 2*x - 5*g + 20. Suppose z - 10 + 2 = x. What are the prime factors of z?
2
Let s = 208 + -87. List the prime factors of s.
11
Suppose m - 3*d - 2*d - 261 = 0, 0 = -2*m + 5*d + 542. What are the prime factors of m?
281
Suppose 3*p - 132 = -p. Suppose -5*x - p = -2*a - 0*a, a + 5*x - 39 = 0. List the prime factors of a.
2, 3
Suppose 4*f = -3*c + 24, -12 = -5*c + 5*f + 28. List the prime factors of ((-18)/c)/((-9)/144).
2, 3
Let t = -6 + 4. Let l be 1 + (t + 1)*-1. Suppose 0 = r - 5 + l. List the prime factors of r.
3
Let k(r) = r**3 + 3*r**2 + r. Let a be k(-2). Suppose -98 = -a*t - 6. What are the prime factors of t?
2, 23
List the prime factors of ((-3)/2)/((-5)/110).
3, 11
What are the 